 - 9 - 7 = 2*b. Let m be (-3)/(-6) + b/(-4). Suppose m = -4*i + 6*o - 2*o + 28, -2*i + o = -10. List the prime factors of i.
3
Suppose -5*y = 25, 2*r - 5*y - 120 = -3*r. List the prime factors of r.
19
Let y(l) = -l + 1. Let m be y(6). Let g = m - -16. List the prime factors of g.
11
Let m(s) be the first derivative of s**4/4 + 4*s**3/3 - 3*s**2 + 4. Suppose 2*o = -2*o - 20. List the prime factors of m(o).
5
Let i = 6 + -4. Suppose 0 = -2*l + 4*g + 44, 3*l + g = i*l + 7. List the prime factors of l.
2, 3
Let j(u) = u**2 + 4*u - 1. Let l be j(-3). What are the prime factors of (l/10)/((-1)/70)?
2, 7
What are the prime factors of (4 + -1)/15 - (-278)/10?
2, 7
Let j(i) = -i**3 - 5*i**2 - 5*i. Let n be j(-4). Let g(u) = u**3 + u + 2*u**2 - n + 3 - 9*u**2. List the prime factors of g(7).
2, 3
Let c(s) = s**2 + 11*s + 13. Suppose 4*v + 37 = -3. List the prime factors of c(v).
3
What are the prime factors of (-1 - -73)*(-1)/(-2)?
2, 3
Suppose -q = -3*q + 10. What are the prime factors of q/((-10)/(-4)) + 2?
2
Let q(z) = -z - 6. Let d be q(0). Let l be (-14)/10 - d/(-10). List the prime factors of (l/(-6))/(5/60).
2
Let f(m) = m**3 + 10*m**2 + 2. List the prime factors of f(-10).
2
Let w(m) = 20*m**2 - 4*m + 9. List the prime factors of w(2).
3
Let t be (1/(-3))/(3/(-18)). Let a = 13 - t. What are the prime factors of a?
11
What are the prime factors of (-10668)/(-49) - (-2)/7?
2, 109
Let c = -2 - -7. Let a(g) = g**2 + g + 1. Let d(z) = -z**3 + 9*z**2 + 13*z + 1. Let h(m) = -5*a(m) + d(m). List the prime factors of h(c).
11
Let q(f) = -f + 14. Suppose 14 - 4 = 5*k. Let v = k - 2. What are the prime factors of q(v)?
2, 7
What are the prime factors of ((-2)/(-8))/(9/624)*9?
2, 3, 13
Let a(t) = t**2 - 6*t - 5. Let o be a(7). Suppose 2 = h - o. Let k = 3 + h. List the prime factors of k.
7
Let p = 31 + -11. What are the prime factors of p?
2, 5
Let h(t) be the first derivative of -t**5/120 - t**4/12 + t**3/3 - 1. Let b(o) be the third derivative of h(o). What are the prime factors of b(-6)?
2
Let s = -13 - -24. Let t = s + -11. What are the prime factors of (3 - t)/((-1)/(-5))?
3, 5
Suppose -3*g + 4*g - 90 = 4*f, -3*g + 242 = 2*f. List the prime factors of g.
2, 41
Suppose -2*n - 2*y + 1190 = 3*n, -n + 238 = -5*y. What are the prime factors of n?
2, 7, 17
Let k = 126 + -61. List the prime factors of k.
5, 13
Suppose -d = 3*d - 8. Suppose -17 + 51 = -d*w. Let o = w - -28. List the prime factors of o.
11
Let v(n) be the third derivative of -n**4/6 - 3*n**3/2 + n**2. What are the prime factors of v(-6)?
3, 5
Let m be 15/(-10)*4/6. Let y be -13*(m - 4/(-2)). What are the prime factors of -3*4/6 - y?
11
Let f be (-2)/((-3)/51*1). Suppose -4*b = -f + 2. Suppose 2*c = 6*c - b. What are the prime factors of c?
2
Let r(i) = i**3 + 10*i**2 + 8*i - 7. Let g be r(-9). Suppose -g*c - 5 = -3. What are the prime factors of (6/(-8))/(c/12)?
3
Let u(r) be the third derivative of r**4/12 - r**3/2 - 3*r**2. Let n be u(3). List the prime factors of (-3)/n + (-26)/(-2).
2, 3
Let z(d) = -d + 5. Let y be z(6). Let k be 39/6 - y/2. Suppose k = 5*b - 4*b. What are the prime factors of b?
7
Suppose -5*k = -65 - 15. What are the prime factors of k?
2
Let d = -1 + 20. Let q(t) = 4*t - 17. Let z be q(5). Suppose z*i - w - d = 0, -i - 4*w + 33 = w. What are the prime factors of i?
2
Let l(p) = -7*p**2 + p. Suppose 2*c + 13 = 5*d, 2*c + 7 = d + 2*d. Let a be l(c). What are the prime factors of (6/4)/((-1)/a)?
3
Let b(g) = 3*g**3 + 11*g**2 + 9*g + 5. Let s(x) = -7*x**3 - 23*x**2 - 19*x - 9. Let o(p) = 5*b(p) + 2*s(p). List the prime factors of o(-8).
3, 5
Suppose -4*j - j + 3*z - 119 = 0, -56 = 2*j + 3*z. Let w = j - -42. What are the prime factors of w?
17
Let c be (-1 + 0)/((-6)/(-30)). Suppose 0*b = 2*b - 34. Let l = c + b. List the prime factors of l.
2, 3
Suppose -v + 15 = -6. What are the prime factors of v?
3, 7
Suppose 5*o - 31 = b, 0 = -3*o + 3*b - 2*b + 19. Let l = o - 3. List the prime factors of l.
3
Suppose -3*k + 15 = -0. Suppose 0*x - s + 1 = 2*x, k*x - 5*s + 5 = 0. Suppose -c + 8 + 1 = x. What are the prime factors of c?
3
Suppose 4*w - 8*w + 8 = 0. What are the prime factors of w?
2
Let w(n) = -2*n + 1. Let t be w(-1). What are the prime factors of (-1 + -2)*(-4 + t)?
3
Suppose -2*x - 4*u = -x, 5*u = -x + 1. What are the prime factors of (-1 - -2)/(x/(-28))?
7
Let b(m) = m**3 - 6*m + 3. List the prime factors of b(4).
43
Suppose s - 5*i = -15 + 1, 5*i - 32 = -2*s. List the prime factors of s*5*4/6.
2, 5
Let d = 104 - 60. Let o be ((-21)/14)/(2/(-4)). Suppose -o*c - c = -d. What are the prime factors of c?
11
Let n = -20 + 59. List the prime factors of n.
3, 13
Let t(y) = -y**3 + 4*y**2 - 4*y + 2. Let p be t(2). Let c be p + (3*-1)/3. Suppose 4*l - c = -3*b, -7*l + 3*l - 17 = -3*b. What are the prime factors of b?
3
Suppose 7*i - 20 = 3*i. Suppose 5*h + 5 = 2*o + 38, 41 = i*h - 4*o. Let z(x) = 2*x + 6. List the prime factors of z(h).
2
Suppose 0 = 2*l + 4*x - 26, x - 6 = -4*l + 11. Suppose l*b + 0*b - 51 = 0. What are the prime factors of b?
17
Let m(s) = -s**3 + 11*s**2 + 13*s + 7. What are the prime factors of m(12)?
19
List the prime factors of 18/(-63) + (-508)/(-14).
2, 3
Let d = -3 - -9. Suppose -g - d = -21. List the prime factors of g.
3, 5
Let t = -84 + 137. Let i = -31 + t. What are the prime factors of i?
2, 11
Suppose 0 = -8*t + 7*t + 157. What are the prime factors of t?
157
Suppose -76 = -2*k + 2*f - 5*f, 68 = 2*k + 5*f. List the prime factors of k.
2, 11
Let x = 533 - 247. List the prime factors of x.
2, 11, 13
Suppose 0 = 5*f + 9 - 64. Let u = f + 32. What are the prime factors of u?
43
What are the prime factors of (-16)/((2 + -3)/(2 + 4))?
2, 3
Suppose 18*a = 15*a + 135. What are the prime factors of a?
3, 5
List the prime factors of (-1)/((-12)/872)*(-3)/(-2).
109
Suppose -4*n = -10 + 2. Suppose -n*z - 54 = -5*z. What are the prime factors of z?
2, 3
Let k(s) = s + 23. Let v be k(-14). Suppose 0 = p + 3*w - v, 3*p - w - 29 = 2*p. List the prime factors of p.
2, 3
Let h = 17 + -25. Let m = h + 11. What are the prime factors of m?
3
Let t(s) = -s**3 - 7*s**2 - 8*s - 8. Let u be t(-6). Let l be (2/(-5))/(u/(-340)). Suppose 2*w - 4*w = -l. List the prime factors of w.
17
Suppose 2*p - 60 = d, 3*p - 4*d = -p + 116. What are the prime factors of p?
31
Let x(d) = 27*d**3 - 2*d**2 + 1. Let f be x(1). Let q = 54 - f. Let s = q - 19. What are the prime factors of s?
3
Let k = 28 - 15. Let h = -10 + k. List the prime factors of h.
3
Let w(t) = 5*t - 2. Let q be w(2). Suppose -4*c + 3*c = 4. Let s = q + c. List the prime factors of s.
2
Suppose -t + 47 = -0*t. Let n = t + -27. What are the prime factors of n?
2, 5
What are the prime factors of 40 - ((-1)/(-4) + 143/52)?
37
Let j = -166 + 476. What are the prime factors of j?
2, 5, 31
Let p be (-3)/(-12)*6*-2. Let b be 1*-6*2/p. Suppose -2*r + b = -2. What are the prime factors of r?
3
Let t(q) = q**3 + 8*q**2 + 5*q - 8. Let z be t(-7). Suppose -s + 0 = -3. Suppose 0*w - s*w = -z. What are the prime factors of w?
2
Let t = 8 - 5. Suppose 68 = f + t*f. What are the prime factors of f?
17
Let t = -14 - -8. List the prime factors of 3/2 - 3/t.
2
Let u = -7 + 9. Suppose k + 35 = u*k + 5*y, -y + 147 = 3*k. Suppose -5 = -5*p + k. What are the prime factors of p?
11
Let s(k) = 5*k**2 - 2*k + 1. Let c be s(1). Suppose q + 7*t - c*t - 18 = 0, q = t + 14. What are the prime factors of q?
3, 5
Suppose 2*g - 5*g + j = -143, 3*g + 4*j = 163. List the prime factors of g.
7
Suppose 21 = 4*s - 695. What are the prime factors of s?
179
Suppose 22 = c + 1. Let j = c + -46. List the prime factors of ((-10)/j)/(1/30).
2, 3
Let o(n) = -9*n + 4. What are the prime factors of o(-2)?
2, 11
Suppose 5*l + 28 = -4*d + 9, 0 = -2*l - 6. Let n = 6 + d. List the prime factors of n.
5
Let d = -11 - -3. Let i = d - -13. Suppose i*b = 5 + 15. What are the prime factors of b?
2
Let g(c) = -3*c - 3. What are the prime factors of g(-2)?
3
Suppose 5*a - 5*i = 80, 67 = 5*a - 4*i - 13. What are the prime factors of a?
2
Let j(i) = -2*i**2 + 4*i - 3. Let z be j(2). Suppose -f - 8 = 5*g + 53, 3*f + 103 = 5*g. List the prime factors of (-2)/(-6) + f/z.
2, 7
Let w(k) = k**2 + 5*k - 7. Let u be w(-6). List the prime factors of (-1 - -4)*-5*u.
3, 5
Suppos